es 5 divide 103259377?
False
Does 1515 divide 36529532?
False
Is 77904992 a multiple of 1892?
True
Is 402 a factor of 20454564?
True
Is 24 a factor of 143938224?
True
Is 473 a factor of 106230124?
True
Is 156 a factor of 466908?
True
Is 62497798 a multiple of 12?
False
Is 1115591316 a multiple of 54?
False
Is 318 a factor of 1385475756?
True
Is 72340772 a multiple of 2?
True
Is 8 a factor of 9235294?
False
Is 145 a factor of 1454731?
False
Is 527509172 a multiple of 472?
False
Is 78458535 a multiple of 18?
False
Is 3220 a factor of 1010339400?
True
Is 48652203 a multiple of 45?
False
Does 180 divide 35218280?
False
Does 20 divide 103828272?
False
Is 12 a factor of 11098831?
False
Does 313 divide 68111282?
False
Is 13 a factor of 10877685?
True
Does 116 divide 253256779?
False
Is 10 a factor of 53869453?
False
Does 213 divide 3492135?
True
Is 877982108 a multiple of 247?
False
Is 138258048 a multiple of 1184?
True
Is 121993860 a multiple of 4141?
True
Is 4215855 a multiple of 3?
True
Is 1010 a factor of 52030150?
True
Does 27 divide 1028808378?
True
Is 3023 a factor of 1178882225?
False
Is 6648 a factor of 309317555?
False
Is 687 a factor of 135221260?
False
Is 2237782865 a multiple of 2793?
False
Does 663 divide 251759001?
True
Does 56 divide 2853952081?
False
Is 99822169 a multiple of 2179?
True
Is 2556 a factor of 2931020106?
False
Does 48 divide 2368535405?
False
Is 2656384 a multiple of 40?
False
Is 12154960 a multiple of 792?
False
Does 1193 divide 92151428?
False
Is 53661247 a multiple of 3759?
False
Is 5407296779 a multiple of 94?
False
Is 27 a factor of 1499176242?
True
Does 130 divide 25094810?
True
Is 2337540 a multiple of 607?
False
Does 267 divide 378624997?
False
Is 34 a factor of 145869044?
True
Is 1509 a factor of 104709675?
False
Is 207 a factor of 146740951?
False
Is 872814789 a multiple of 99?
True
Is 1549467920 a multiple of 7865?
True
Is 1619694527 a multiple of 1406?
False
Does 14 divide 1048065?
False
Is 184 a factor of 319088568?
True
Does 88 divide 41049333?
False
Is 12 a factor of 35825841?
False
Is 46918341 a multiple of 73?
True
Does 71 divide 252428004?
True
Is 8 a factor of 9580312?
True
Is 533828504 a multiple of 22?
True
Is 44 a factor of 2272505356?
True
Does 2112 divide 232526976?
True
Does 181 divide 899278359?
False
Is 533 a factor of 6774168?
False
Is 4533398 a multiple of 19?
False
Is 1776634952 a multiple of 36?
False
Does 15 divide 21745355?
False
Does 1092 divide 305817255?
False
Is 247329063 even?
False
Does 124 divide 8132649?
False
Is 22 a factor of 250365808?
True
Is 6 a factor of 73427898?
True
Is 256161572 a multiple of 76?
True
Is 372697485 a multiple of 4219?
False
Is 814 a factor of 285903937?
False
Is 416822182 a multiple of 13?
False
Does 791 divide 1480119958?
False
Does 153 divide 706629429?
True
Does 506 divide 2724990136?
True
Is 901953178 a multiple of 2419?
True
Is 643964795 a multiple of 538?
False
Is 24597257 a multiple of 19?
False
Is 1374528760 a multiple of 20?
True
Does 2201 divide 140005168?
False
Is 647452871 a multiple of 71?
False
Is 21755136 a multiple of 133?
False
Is 31 a factor of 38179259?
True
Does 86 divide 100478358?
True
Does 742 divide 309364310?
False
Does 4189 divide 927645344?
False
Is 12133955 a multiple of 11?
False
Is 221077065 a multiple of 1455?
True
Is 89770644 a multiple of 5?
False
Is 457 a factor of 308631259?
False
Does 67 divide 435668630?
False
Is 7858 a factor of 851644803?
False
Does 24 divide 157691520?
True
Is 10288764 a multiple of 18?
True
Is 10 a factor of 42772390?
True
Does 56 divide 21740600?
True
Is 15 a factor of 105414360?
True
Does 13 divide 7684039428?
True
Is 1734740542 a multiple of 934?
False
Is 121432860 a multiple of 645?
True
Is 470804440 a multiple of 62?
True
Is 19167560 even?
True
Does 34 divide 219441508?
True
Does 4736 divide 1706319232?
True
Is 462 a factor of 154528036?
False
Is 10553 a factor of 4620578285?
True
Does 1665 divide 1452879833?
False
Does 960 divide 667200?
True
Is 10 a factor of 74982106?
False
Is 39 a factor of 115291597?
False
Is 130338950 a multiple of 1358?
False
Is 10974042 a multiple of 61?
False
Is 447 a factor of 14506491?
True
Is 906416525 a multiple of 25?
True
Does 7 divide 37400253?
False
Does 328 divide 66218800?
False
Does 235 divide 1155394203?
False
Is 521376015 a multiple of 48?
False
Is 3769 a factor of 34188385?
False
Is 14 a factor of 2688265930?
True
Is 112152901 a multiple of 239?
True
Is 574332822 a multiple of 882?
True
Is 1810711476 a multiple of 37?
True
Does 2553 divide 919114809?
False
Does 5085 divide 241339185?
True
Is 7247968 a multiple of 247?
True
Does 72 divide 72294120?
True
Does 614 divide 741764984?
False
Does 1468 divide 68650175?
False
Does 724 divide 35522547?
False
Is 811322545 a multiple of 155?
True
Is 407 a factor of 1175174968?
False
Does 6069 divide 2711841615?
True
Is 107586864 a multiple of 198?
True
Is 68 a factor of 1555642099?
False
Is 1447683756 a multiple of 1614?
True
Does 758 divide 37752948?
True
Does 49 divide 15313529?
True
Is 1717 a factor of 15585209?
True
Is 59016072 a multiple of 12?
True
Is 728016900 a multiple of 195?
True
Is 41 a factor of 117462212?
True
Is 3076330950 a multiple of 30?
True
Does 9 divide 1010260714?
False
Does 42 divide 9259404?
True
Does 122 divide 524941112?
True
Is 40296465 a multiple of 1143?
True
Is 339 a factor of 34216626?
True
Is 12302374 a multiple of 3521?
True
Is 16025652 a multiple of 435?
False
Is 407311538 a multiple of 3432?
False
Does 235 divide 167974945?
True
Does 2 divide 2425868?
True
Is 50753840 a multiple of 2680?
True
Does 11 divide 71574668?
True
Is 66061128 a multiple of 94?
False
Is 19841232 a multiple of 83?
False
Is 44 a factor of 252847980?
True
Does 317 divide 914594769?
True
Is 592826836 a multiple of 83?
True
Is 59 a factor of 39027709?
False
Is 14661836 a multiple of 18?
False
Is 977480717 a multiple of 1769?
False
Is 36364584 a multiple of 8?
True
Is 5698451 a multiple of 1358?
False
Is 4881646358 a multiple of 4307?
False
Is 217090662 a multiple of 3645?
False
Is 775534732 a multiple of 3293?
False
Is 17 a factor of 8596996?
False
Is 53 a factor of 81828184?
True
Does 1606 divide 2529464454?
True
Is 48 a factor of 17603088?
True
Is 175 a factor of 33797050?
True
Is 90815406 a multiple of 462?
False
Is 487 a factor of 5738336?
False
Is 2609 a factor of 1176569459?
False
Is 51189122 a multiple of 713?
True
Does 21 divide 154557585?
True
Does 220 divide 1623820?
True
Is 1355280 a multiple of 13?
False
Does 4176 divide 1070734752?
True
Does 1682 divide 2653420411?
False
Does 705 divide 8489142?
False
Does 49 divide 19155150?
False
Is 1554 a factor of 83869380?
True
Is 187 a factor of 76399758?
False
Is 850 a factor of 42130804?
False
Is 25 a factor of 27949811?
False
Is 58261913 a multiple of 1432?
False
Is 4 a factor of 124738566?
False
Is 37748160 a multiple of 306?
True
Is 11 a factor of 77083453?
False
Is 4056012399 a multiple of 558?
False
Is 2571121696 a multiple of 1661?
True
Is 50 a factor of 3746550?
True
Does 428 divide 26230408?
True
Is 576 a factor of 75542400?
True
Is 30 a factor of 99767627?
False
Does 81 divide 306650832?
False
Does 45 divide 56152646?
False
Does 5 divide 26050583?
False
Is 41896189 a multiple of 1318?
False
Is 600 a factor of 84321600?
True
Does 99 divide 128338358?
False
Does 630 divide 1180836720?
True
Is 256376096 a multiple of 898?
False
Does 12 divide 25158072?
True
Does 12 divide 118028172?
True
Does 126 divide 6534855?
False
Is 89 a factor of 1995938?
False
Does 525 divide 353936625?
True
Does 278 divide 239813550?
False
Is 22 a factor of 277589596?
False
Does 2312 divide 187182485?
False
Is 3047 a factor of 3720387?
True
Does 1258 divide 11097788?
False
Does 48 divide 350552939?
False
Is 137179098 a multiple of 12?
False
Does 335 divide 5693660?
True
Does 1073 divide 385652903?
False
Is 16 a factor of 384210712?
False
Does 55 divide 126708560?
True
Is 122 a factor of 24344409?
False
Is 59785000 a multiple of 550?
True
Is 306 a factor of 141287850?
True
Does 521 divide 14674486?
True
Is 20648225 a multiple of 65?
True
Is 3200 a factor of 60339200?
True
Is 51 a factor of 309358634?
False
Does 61 divide 767939492?
True
Is 71 a factor of 59269664?
True
Does 